List the prime factors of b.
5, 7
List the prime factors of -4 - (-16 + 4 - -2).
2, 3
Let z = -116 + 225. List the prime factors of z.
109
Let y(t) be the third derivative of -t**7/2520 - t**6/90 + t**5/40 - t**4/24 - t**2. Let r(z) be the second derivative of y(z). List the prime factors of r(-8).
3
Let l = 73 - 0. What are the prime factors of l?
73
Let p(d) = 5*d**2 - 3*d**2 + 1 - d**3 - 5*d**2. Let r be p(-2). What are the prime factors of 1*11 - (4 + r)?
2, 5
Suppose 8*n - 33 = 5*n. What are the prime factors of n?
11
Suppose -4*w - w - 150 = 0. Let c = -20 - w. List the prime factors of c.
2, 5
Let g = 179 + -114. List the prime factors of g.
5, 13
Let g(u) = -6*u**2 + 30*u + 2. Let c be g(5). Let y be (2/(-14) + 1)*7. Suppose -c*s = -y*s + 64. What are the prime factors of s?
2
Let t(o) = o + 12*o + 0*o + 3*o - 2. Let p be t(2). List the prime factors of (p/9 - 2)*9.
2, 3
Let u = 121 + -72. Let j = u - -16. Suppose 4*l = m + 62, -3*l + 5*m - j = -8*l. List the prime factors of l.
3, 5
Let s be (-1 + (-24)/(-4))/1. Suppose -q + 4*t = -0*t - 47, s*t = 3*q - 106. What are the prime factors of q?
3
Suppose -5 = -t, 0 = -h - 0*h - t - 1. Let i = 8 + h. List the prime factors of i.
2
Suppose 4*t + 7*t = 2585. List the prime factors of t.
5, 47
Suppose 6 = -2*j, 2*u - 53 = -2*u + 3*j. What are the prime factors of u?
11
Let q = -5 + 40. Suppose q = 5*t - 5. What are the prime factors of t/28 - (-26)/7?
2
List the prime factors of (-1)/(-2)*1*36.
2, 3
Let c be 2/6*8*3. Let n(z) = -5 - z**3 + 6*z - 4*z + 0*z**3 + 7*z + 7*z**2. List the prime factors of n(c).
3
Suppose 0*z = -4*z + 4. Let l be -15 + (2/z)/2. Let b = -5 - l. What are the prime factors of b?
3
Let x(i) = 4*i - 1. Let s be x(6). Let f = s - 14. What are the prime factors of f?
3
Let p(g) = -g**2 + 4*g + 7. Let t be p(5). Let n(d) = 1 - t*d**2 + 3 - 2*d**3 - 2 - 2*d. List the prime factors of n(-2).
2, 7
Let m = 0 + 13. List the prime factors of m.
13
Let o(m) be the first derivative of -m**4/2 - 4*m**3/3 - m**2/2 + 2. Let s be o(-3). Suppose 7*p - 4*p = s. List the prime factors of p.
7
Let y(f) = f**3 + 8*f**2 + 2*f - 9. List the prime factors of y(-7).
2, 13
Suppose -3*a + 7*a = -12. What are the prime factors of ((-2)/a)/((-6)/(-153))?
17
Let m be -1*1 - 12/(-2). Suppose -21 = -4*d - 3*v, m*d - 9 = 3*v - v. What are the prime factors of d?
3
Let m be (10 + 0)/((-2)/(-21)). Suppose 4*t = x + m, -t = 3*x - 5 - 18. List the prime factors of t.
2, 13
Let w(b) = 7*b**3 + b**2 - 1. Let c be w(-1). Let m be (1 + 0)*(0 - -3). Let z = m - c. What are the prime factors of z?
2, 5
Suppose -3 = -4*y + 5. Suppose -8*h - 5 = -3*h + 5*v, y*h + v = 1. What are the prime factors of h?
2
Let r(t) be the first derivative of 2*t**3/3 - t**2/2 + 2*t + 2. What are the prime factors of r(2)?
2
Let h be 1/(2/(2/(-1))). Let q = h + 21. List the prime factors of q.
2, 5
Suppose 5*p + 3*j - 149 = -6, -4*j - 24 = -p. What are the prime factors of p?
2, 7
Let d(j) = 12*j - 37. What are the prime factors of d(16)?
5, 31
Let i = 0 + 0. Let m = 21 + i. What are the prime factors of m?
3, 7
Suppose k - 7 = 3*s, 2*s + 70 = 4*k - 8. What are the prime factors of k?
2, 11
Suppose -2*l + 200 = -4*x, -l = -3*x - 47 - 54. List the prime factors of l.
2, 7
Let m(q) = q**3 - 12*q**2 + 10*q + 13. Let x be m(11). Let f = -1 + x. What are the prime factors of (f + 0)*(-6 + 18)?
2, 3
Suppose -3*i + 0*i + 798 = 0. Let y be i/18 + 2/9. Let s = -9 + y. List the prime factors of s.
2, 3
Let f = 207 - -120. What are the prime factors of f?
3, 109
List the prime factors of -7 + 3 - -10*1.
2, 3
Let a(z) = z**2 + 4*z + 2. Let u be a(-4). Suppose 4*f = 3*x + 29, f + u*f - 3*x = 18. What are the prime factors of f?
11
Suppose -3*m = -203 - 130. List the prime factors of m.
3, 37
Let i(w) be the first derivative of w**4/4 - w**3/3 - w**2/2 + w - 1. Let d be i(-2). Let y(h) = h**2 + 7*h - 13. List the prime factors of y(d).
5
Suppose -5*t + 4*j + 101 = 0, j - 1 = -0. List the prime factors of t.
3, 7
Suppose 5*f - 5*w + 0 = -5, 3*f - 2*w = 0. Let g = f - -4. What are the prime factors of g?
2, 3
Let y be (-6 + 21)*2/6. Let c = y - -1. Let s = 10 - c. List the prime factors of s.
2
List the prime factors of ((-14)/2)/(5/(-20)).
2, 7
Suppose 4*s = 3*s + 28. What are the prime factors of s?
2, 7
Let a be (-4)/(-10) + (-4)/10. Suppose a = -3*w - w + 36. What are the prime factors of w?
3
List the prime factors of (759/11)/(6/4).
2, 23
Let h(w) = 51*w**2 - 3*w - 2. List the prime factors of h(-1).
2, 13
Let l(h) = -h - 5. Suppose 5*s = -k + 2, 4*k = -0*k - 5*s - 22. Let j be l(k). Suppose 0*u - 2*n = -u, 4 = 2*u - j*n. List the prime factors of u.
2
Let t(l) = -2*l**3 + 4*l**2 - 4*l + 3. Let q be t(2). Suppose 4*v - 24 = 2*z, 4*z + 3 = -13. Let w = v - q. List the prime factors of w.
3
Suppose 2*o - 4*o = 20. Let z = -2 - -24. Let q = o + z. List the prime factors of q.
2, 3
Let a be 5*((0 - -1) + 2). Suppose -5*o = -2*f + 34, -2*o - 3*o - 32 = -f. Let y = o + a. What are the prime factors of y?
3
Let v(d) = d**3 + 6*d**2 + d + 1. Let w be v(-3). Let l = w - 10. What are the prime factors of l?
3, 5
Let d = 71 - 29. Suppose -3 = 3*m, -3*l + 3*m + 0*m = -d. List the prime factors of l.
13
Let n = 107 - -7. What are the prime factors of n?
2, 3, 19
Let y(c) = -14*c**2 - 11*c + 13. Let k(p) = 5*p**2 + 4*p - 4. Let a(o) = -11*k(o) - 4*y(o). What are the prime factors of a(-4)?
2
Suppose 1 + 8 = -m. Suppose b - 3*b + 22 = 0. Let y = m + b. What are the prime factors of y?
2
Let w = -5 - -14. Let d = 21 - w. List the prime factors of d.
2, 3
Suppose -10 = 2*l - 40. Let o = l - 3. What are the prime factors of o?
2, 3
Suppose -322 = -7*r + 308. List the prime factors of r.
2, 3, 5
Suppose 3*d + 18 = 6*d. Let y(i) = -i**2 + 3*i + 0*i + 4*i - d. What are the prime factors of y(5)?
2
Let q(d) = 6*d**2 - 9*d + 28. List the prime factors of q(7).
7, 37
Suppose 1068 + 45 = 7*y. List the prime factors of y.
3, 53
Suppose -1161 + 361 = -8*n. List the prime factors of n.
2, 5
Suppose 2*g - 3 - 1 = 0. Let s(x) = 3*x + 2*x**g - 3*x + 1 - 3*x. What are the prime factors of s(2)?
3
Suppose 2*w - w = 3. Suppose -2*a = -w*a - 2*k + 8, 0 = -4*k - 8. What are the prime factors of a?
2, 3
List the prime factors of (-4)/(-24) + 14/(-12) + 87.
2, 43
Let g(q) = q**3 - 4*q**2 + 2. What are the prime factors of g(5)?
3
Suppose -2*r + 3 = -3. List the prime factors of r.
3
Let x(r) = -2 - 3*r**2 + 2*r**2 + 18. Let t be x(0). Let s = 27 - t. List the prime factors of s.
11
Suppose 0 = 2*g + 2*g. Let m(x) = -x**3 + x**2 - x + 13. What are the prime factors of m(g)?
13
Suppose 4*g + q = 56, -g - 2*q - q + 14 = 0. List the prime factors of g.
2, 7
Suppose 0 = -5*n + 12 + 8. Suppose -2*l + n = -42. What are the prime factors of l?
23
Suppose -4*n - 4 = -0. Let z be (2 - (-2 - -4))*n. Suppose -k - 4*k - 2*s = -33, z = -2*k - 2*s + 18. What are the prime factors of k?
5
Let y(j) = -j**3 + 4*j**2 - j + 2. Let n be y(4). What are the prime factors of -12*(1/n + 0)?
2, 3
Suppose 4*c - 8 = 0, -3*g + 2*c = c - 115. List the prime factors of g.
3, 13
Suppose 7*w - 10 = 2*w. Let u(y) = 4*y + 6*y - 5*y + 1. List the prime factors of u(w).
11
Let z = 4 + -23. What are the prime factors of (-1 - 3)/4*z?
19
Let q = -9 + 25. Let p = 60 + -34. Let r = p - q. List the prime factors of r.
2, 5
Let r = 5 + -3. Suppose r*s = 2*l + 2, -3 = 2*l - s + 1. Let u(x) = -x**3 - x**2 + 4*x + 4. List the prime factors of u(l).
2, 5
Let w be (-2 + 27 + 1)/(-2). Let l = -6 - w. What are the prime factors of l?
7
Let x(f) = f**2 + f + 2. Let o be x(0). Suppose 0 = -0*l - o*l + 42. List the prime factors of l.
3, 7
Let n be 6 + 0/1 + -1. Suppose -7*t = -11*t - 32. Let s = n - t. List the prime factors of s.
13
Suppose 5*z - 227 = -37. Suppose -2*j - 4*x + 58 = 0, 4*j + 2*x - z = 54. List the prime factors of j.
3, 7
Let b be 0 + 1 - (-5 - -2). Let s be 116/(-16) + (-3)/b. Let x = s - -21. What are the prime factors of x?
13
What are the prime factors of 4/(-14) - -32*(-125)/(-35)?
2, 3, 19
Suppose 0 = -5*u - 5, 0*u = 2*n - u + 3. Let o(d) = -5*d**3 - 3*d**2 - 2*d - 1. What are the prime factors of o(n)?
31
Let v(f) = 2*f**2 - 9*f + 9. Let j be v(6). Suppose 5*o + j = -4*b, 5*b + 30 = -5*o - 0*b. Let s =